is divided by c.
14
Let c(f) = -13 - 22*f + 13. What is the remainder when c(-1) is divided by 6?
4
Let r = -3 - -5. Let h be (r/2)/((-2)/4). What is the remainder when h + 12 - 2/2 is divided by 5?
4
Suppose 3*j = -8 + 23. Suppose 5*u + 0*v = 3*v + 13, -j*v = 4*u - 3. Calculate the remainder when ((-8)/(-10))/(4/10) is divided by u.
0
Let c(x) = -2*x**3 + x**2 + x - 4. Let n(v) = -v - 8. Let y be n(-5). Let b be 1 + y - (0 + 1). Calculate the remainder when c(b) is divided by 19.
18
Suppose -5*x = -d - 84, -6 = -x - 4. Let h = -42 - d. Calculate the remainder when h is divided by (-15)/(-20) - 65/(-4).
15
Suppose 6 = -9*f + 10*f. What is the remainder when 38 is divided by f?
2
Let w = 14 + -40. Let z = 37 + w. Calculate the remainder when z is divided by 4.
3
Let b = 39 - -1. Suppose -r - b = -2*v + 4*r, -2*v + r = -40. What is the remainder when v is divided by 11?
9
Let s(u) = u**3 + 6*u**2 - 4*u + 3. Let g be s(-6). Let t = g + -17. Let d = 32 - 13. What is the remainder when d is divided by t?
9
Let p(b) = 47*b**2 + 2*b - 26*b**2 + 1 + 0*b. Let m(n) = n + 3. Let l be m(-4). Calculate the remainder when p(l) is divided by 7.
6
Suppose 4 = 4*r + 4*i, -4*r + 2*r = -3*i + 18. Let p be 22*(-3 + 5)/2. Let g = p - r. Calculate the remainder when g is divided by 14.
11
Let a = -9 + 35. What is the remainder when 102 is divided by a?
24
Let i be (-24)/(-14) + 2/7. Let r be (-2)/(1 - (-2)/i). What is the remainder when (-30)/r - (-4)/2 is divided by 11?
10
Let k(v) = -v + 2. Suppose 13 = -q + 4*a, 0 = -3*q + 3*a - 22 + 1. Let b(o) = o + 34. What is the remainder when b(-15) is divided by k(q)?
5
What is the remainder when 18 is divided by 2/(-9) + 47/9?
3
Let d be (-4 - -7) + 1*7. Let m(b) = 2*b. What is the remainder when 39 is divided by m(d)?
19
Suppose 14 = 3*k - k. Suppose 4*v = 19 + 21. Suppose -2*d - 7 - v = -p, -d = p - 20. What is the remainder when p is divided by k?
5
Suppose -t + 4*t - 159 = 0. Calculate the remainder when t is divided by 11.
9
Suppose n - 3*n + 4 = 0. Suppose -20 - 4 = -n*f. Calculate the remainder when 35 is divided by f.
11
Suppose 14*t - 9*t - 285 = 0. Calculate the remainder when t is divided by 29.
28
Suppose 0 = 2*f - 5 - 15. Suppose -n + 1 = -f. Calculate the remainder when 41 is divided by n.
8
Suppose 0 = -4*u - 3*k + 28, -3*k - 46 = -3*u + k. Calculate the remainder when 39 is divided by u.
9
Let a be 15/(-20) + 13/(-4). Calculate the remainder when 75 is divided by -4*(23/a - -1).
18
Suppose 0*n + 2*n - 16 = 0. Let r = 5 + 20. Suppose 3*w - 2*w + r = 5*b, 4*b + 5*w = 20. Calculate the remainder when n is divided by b.
3
Suppose 5*w + 75 = 5*r, 30 = 4*r - 2*r + 4*w. What is the remainder when 104 is divided by r?
14
Suppose -2*t = -0 - 4. Suppose -6 = 2*m - 3*f, 4*m = 3*m + t*f - 5. What is the remainder when 7 is divided by m?
1
Suppose 139 = 5*z + 2*o, -3*o - 38 = -4*z + 87. Let w = -3 - -6. Suppose -5*h = 3*m - 56, -5*m + 20 = w*h - 2*h. What is the remainder when z is divided by h?
9
Let b(c) = 6*c**2 + 2. Suppose 2*z + 16 + 2 = 0. Calculate the remainder when b(2) is divided by ((-28)/6)/(3/z).
12
Let s = 26 + -17. What is the remainder when 14 is divided by s?
5
Let t(v) = -v**3 + 1. Let n be t(1). Let y(f) = -2 + 7 + 4*f**2 + n*f**2 + f - f**3. What is the remainder when 25 is divided by y(4)?
7
Suppose -60 = o - 2*o. What is the remainder when o is divided by 16?
12
Let u = 101 + -28. Calculate the remainder when u is divided by (1 - (-95)/(-20))*-4.
13
Let o be (24/2)/(-3)*-1. Calculate the remainder when 17 is divided by (-123)/(-12) - 1/o.
7
Let c be (-3)/(-9) - (-896)/12. Suppose 3*s = -3*g + 198, g + 17 = -5*s + c. What is the remainder when g is divided by 10?
8
Let m(y) = 32*y**2 + 1. What is the remainder when m(-1) is divided by 17?
16
Suppose -2*m - 5*s - 27 = 0, 0*m + 4*s + 24 = -2*m. Suppose -30 = -3*d - 2*d. What is the remainder when 124/12 + 2/m is divided by d?
4
Let x(y) = 14*y + 1. Let j be x(1). Let v = -2 + j. What is the remainder when 38 is divided by v?
12
Suppose 2*p = 5*h + 29, -5*p + 4*h + 32 = 5*h. Suppose 0*a - a + p = 0. Calculate the remainder when 12 is divided by a.
5
Let x be 1 + -8 - (2 + -1). Let i(h) = -h + 7. Calculate the remainder when 59 is divided by i(x).
14
Suppose i = 13 - 1. What is the remainder when i is divided by 5?
2
Let n = 11 + -7. Suppose 11 = n*d - 105. What is the remainder when d is divided by (-1)/(-2 + 19/10)?
9
What is the remainder when 19 is divided by (12/14)/(8/56)*1?
1
Suppose 4*m = -2 + 26. Calculate the remainder when 39 is divided by m.
3
Suppose -473 = -4*t + p, -5*p = -3 - 12. What is the remainder when t is divided by 40?
39
What is the remainder when 15 is divided by 7 + 2 + 0/(3/1)?
6
Suppose 0*q - 40 = -3*a + 2*q, 25 = -5*q. Let n(t) = 2 + 0 - t**2 + 11*t**2 - t**3. What is the remainder when 5 is divided by n(a)?
1
Let r = 62 - 44. Suppose -8 = 2*b - r. What is the remainder when b is divided by 4?
1
Let y(m) = 6*m**2 + m + 1. Let j(v) = -v**3 - 17*v**2 + 14*v - 44. What is the remainder when j(-18) is divided by y(-1)?
4
Let a be -1 + 1 - 2/(-1). Suppose 0 = 5*f - 20, -34 = -2*l - l + a*f. Calculate the remainder when 27 is divided by l.
13
Suppose 169 + 101 = 3*m. Let o = m - 16. Calculate the remainder when o is divided by 25.
24
Suppose 0 = 8*x - 16*x + 280. Calculate the remainder when x is divided by 18.
17
Let u(d) = 9*d**2 - 4. Let o be u(3). Suppose -3*b - b + 5*f = -o, -15 = -b - 3*f. Calculate the remainder when 35 is divided by b.
17
Let y = 34 + -14. Calculate the remainder when 38 is divided by y.
18
Suppose -47 = -3*x - 3*r - 11, 0 = -2*x + 3*r + 9. Suppose -5*d = 2*l - 40, d + 2*l = 7 + x. Calculate the remainder when 10 is divided by d.
4
Suppose -3*i - 6 = -0, -h + 35 = -2*i. What is the remainder when h is divided by 16?
15
Suppose 47 = -5*w + 3*x, -w + 34 = -3*w + 5*x. Let k = 33 + w. Calculate the remainder when k is divided by ((-35)/2)/(-5)*4.
12
Calculate the remainder when 52 is divided by (10/4)/(-5) - (-602)/28.
10
Let r = 46 - 80. Let h = r + 75. Calculate the remainder when h is divided by 14.
13
Let o = -166 + 396. Let h be (-1)/(975/486 + -2). Let q = o + h. Calculate the remainder when q is divided by 23.
22
Let t = -4 + 13. Let x(z) = -z**2 + 11*z - 1. Calculate the remainder when 49 is divided by x(t).
15
Let t = 12 + 6. What is the remainder when 47 is divided by t?
11
Suppose -8*x + 17*x = 360. Calculate the remainder when 196 is divided by x.
36
Let i = 28 + 10. Calculate the remainder when i is divided by 14.
10
Let i be (-1)/(-2) + 1/2. Let n be -4 + 2/i + -1. Let q = n - -5. Calculate the remainder when q is divided by 1.
0
Suppose -368 = -x - 2*t + 4*t, 3*x - 2*t - 1100 = 0. Let z = x + -252. Calculate the remainder when z is divided by 29.
27
Suppose -4*x - 24 + 192 = 0. Calculate the remainder when x is divided by 9.
6
Suppose -3*z + 9 = -6*z. Let s = 4 + z. What is the remainder when 3 is divided by s?
0
What is the remainder when 46 is divided by (-264)/(-16) - 2/4?
14
Suppose m - 10 = y, 8*m = 4*m - 4*y + 16. Suppose 5*w + 0*g + 5 = 5*g, 5*g = -2*w - 23. Let q = 15 + w. Calculate the remainder when q is divided by m.
4
Suppose -2 + 0 = -2*d. Let b(o) = -o**2 - 9*o - 8. Let m be b(-7). Let p = m + -4. Calculate the remainder when p is divided by d.
0
Let k = -18 - -11. Let b = 11 + k. Suppose 0 = b*j - 0*j - 44. What is the remainder when 32 is divided by j?
10
Suppose -13*x - 13 = -130. Let y = 46 - 22. What is the remainder when y is divided by x?
6
Let v = -2 - -15. Let o = 1 + 5. What is the remainder when (o/15)/(3/375) is divided by v?
11
Let k = 186 - 125. Suppose -3*j + 2*q = -38, -5*j - 10 + 115 = 5*q. What is the remainder when k is divided by j?
13
Calculate the remainder when 5 - (-35)/(-10) - (-122)/4 is divided by 11.
10
Let t be -2 + 4 - (-1 - 0). Suppose -i = -t*i + 28. What is the remainder when 55 is divided by i?
13
Suppose -5*s + 5*t - 4*t = -18, 3*t + 21 = 4*s. Calculate the remainder when 1*(-3)/((-6)/14) is divided by s.
1
Let p be (-1 + 3)*(-81)/(-18). Suppose -p - 95 = -4*c. Suppose 0 = i - c - 0. Calculate the remainder when 51 is divided by i.
25
Let w = 86 + -48. What is the remainder when 150 is divided by w?
36
Let r = -81 + 48. Let i = r + 91. What